er when 12753 is divided by 6312?
129
What is the remainder when 7235 is divided by 329?
326
Calculate the remainder when 11580 is divided by 9.
6
What is the remainder when 12057 is divided by 4018?
3
Calculate the remainder when 5558 is divided by 307.
32
What is the remainder when 3886 is divided by 3875?
11
What is the remainder when 212388 is divided by 335?
333
Calculate the remainder when 150574 is divided by 351.
346
Calculate the remainder when 57988 is divided by 1610.
28
Calculate the remainder when 3783 is divided by 116.
71
What is the remainder when 2185 is divided by 528?
73
What is the remainder when 11244 is divided by 125?
119
Calculate the remainder when 1547 is divided by 125.
47
Calculate the remainder when 1520 is divided by 220.
200
What is the remainder when 258102 is divided by 1676?
1674
Calculate the remainder when 257645 is divided by 42939.
11
Calculate the remainder when 23141 is divided by 55.
41
What is the remainder when 14263 is divided by 4753?
4
Calculate the remainder when 126830 is divided by 63389.
52
What is the remainder when 2201 is divided by 733?
2
What is the remainder when 377745 is divided by 220?
5
What is the remainder when 87764 is divided by 627?
611
Calculate the remainder when 8082 is divided by 55.
52
What is the remainder when 122180 is divided by 40725?
5
What is the remainder when 1173 is divided by 312?
237
Calculate the remainder when 149365 is divided by 825.
40
Calculate the remainder when 151843 is divided by 36.
31
What is the remainder when 21715 is divided by 1516?
491
Calculate the remainder when 20326 is divided by 10.
6
What is the remainder when 46493 is divided by 500?
493
Calculate the remainder when 733993 is divided by 47.
41
What is the remainder when 17024 is divided by 4252?
16
What is the remainder when 4824 is divided by 1196?
40
What is the remainder when 269330 is divided by 305?
15
Calculate the remainder when 130670 is divided by 359.
353
What is the remainder when 106894 is divided by 86?
82
What is the remainder when 830 is divided by 32?
30
What is the remainder when 9670 is divided by 47?
35
What is the remainder when 1438 is divided by 878?
560
What is the remainder when 155 is divided by 125?
30
What is the remainder when 3926 is divided by 15?
11
What is the remainder when 1903 is divided by 143?
44
What is the remainder when 13299 is divided by 18?
15
Calculate the remainder when 90221 is divided by 305.
246
What is the remainder when 112725 is divided by 104?
93
Calculate the remainder when 10691 is divided by 1183.
44
Calculate the remainder when 9002 is divided by 22.
4
Calculate the remainder when 6429 is divided by 79.
30
What is the remainder when 439829 is divided by 133?
131
What is the remainder when 18715 is divided by 890?
25
Calculate the remainder when 31424 is divided by 363.
206
Calculate the remainder when 1464060 is divided by 128.
124
What is the remainder when 44229 is divided by 11048?
37
What is the remainder when 1033 is divided by 183?
118
What is the remainder when 311009 is divided by 132?
17
Calculate the remainder when 142466 is divided by 6473.
60
Calculate the remainder when 3002 is divided by 94.
88
Calculate the remainder when 959868 is divided by 1031.
7
Calculate the remainder when 10296 is divided by 10228.
68
What is the remainder when 1792 is divided by 362?
344
What is the remainder when 2590893 is divided by 24?
21
Calculate the remainder when 1118737 is divided by 1310.
1307
Calculate the remainder when 112732 is divided by 8052.
4
Calculate the remainder when 4757 is divided by 1589.
1579
What is the remainder when 3741527 is divided by 84?
83
Calculate the remainder when 4832 is divided by 1581.
89
What is the remainder when 3235 is divided by 63?
22
Calculate the remainder when 28186 is divided by 9365.
91
What is the remainder when 31456 is divided by 418?
106
What is the remainder when 18729 is divided by 314?
203
What is the remainder when 863620 is divided by 147?
142
Calculate the remainder when 1352 is divided by 1312.
40
What is the remainder when 15494 is divided by 4569?
1787
What is the remainder when 23906 is divided by 365?
181
Calculate the remainder when 129685 is divided by 1284.
1
What is the remainder when 87448 is divided by 583?
581
Calculate the remainder when 16288 is divided by 168.
160
Calculate the remainder when 8788 is divided by 585.
13
Calculate the remainder when 179599 is divided by 25654.
21
What is the remainder when 33601 is divided by 11198?
7
Calculate the remainder when 44500 is divided by 1235.
40
What is the remainder when 29341 is divided by 3396?
2173
What is the remainder when 58319 is divided by 10?
9
What is the remainder when 22957 is divided by 188?
21
Calculate the remainder when 362246 is divided by 2852.
42
What is the remainder when 2257 is divided by 708?
133
Calculate the remainder when 160415 is divided by 225.
215
Calculate the remainder when 1809 is divided by 138.
15
Calculate the remainder when 133 is divided by 60.
13
What is the remainder when 27005 is divided by 1932?
1889
Calculate the remainder when 4670795 is divided by 158.
157
Calculate the remainder when 8927 is divided by 77.
72
Calculate the remainder when 4277 is divided by 81.
65
What is the remainder when 10213 is divided by 227?
225
What is the remainder when 1194042 is divided by 144?
138
Calculate the remainder when 13961 is divided by 12.
5
Calculate the remainder when 1689491 is divided by 74.
71
What is the remainder when 1102892 is divided by 111?
107
What is the remainder when 22913 is divided by 120?
113
Calculate the remainder when 5627 is divided by 184.
107
What is the remainder when 5187 is divided by 876?
807
What is the remainder when 16133 is divided by 62?
13
Calculate the remainder when 87428 is divided by 43551.
326
Calculate the remainder when 22895 is divided by 260.
15
What is the remainder when 7294 is divided by 456?
454
What is the remainder when 618062 is divided by 55?
27
Calculate the remainder when 31738 is divided by 13.
5
What is the remainder when 19215 is divided by 4802?
7
Calculate the remainder when 144326 is divided by 2366.
0
What is the remainder when 10794 is divided by 1542?
0
What is the remainder when 14617 is divided by 67?
11
What is the remainder when 63642 is divided by 884?
878
Calculate the remainder when 43619 is divided by 109.
19
What is the remainder when 1987 is divided by 127?
82
What is the remainder when 3184 is divided by 48?
16
Calculate the remainder when 87450 is divided by 14566.
54
What is the remainder when 77075 is divided by 410?
405
What is the remainder when 970 is divided by 230?
50
What is the remainder when 3226 is divided by 5?
1
What is the remainder when 177838 is divided by 130?
128
What is the remainder when 459 is divided by 190?
79
What is the remainder when 55359 is divided by 1124?
283
Calculate the remainder when 4246 is divided by 132.
22
What is the remainder when 4904 is divided by 141?
110
Calculate the remainder when 291799 is divided by 97263.
10
Calculate the remainder when 86662 is divided by 98.
30
Calculate the remainder when 1207 is divided by 63.
10
What is the remainder when 1660 is divided by 540?
40
What is the remainder when 884339 is divided by 32753?
8
What is the remainder when 3708 is divided by 1831?
46
Calculate the remainder when 40101 is divided by 36.
33
Calculate the remainder when 8737 is divided by 334.
53
Calculate the remainder when 63069 is divided by 12.
9
Calculate the remainder when 1021 is divided by 528.
493
Calculate the remainder when 29952 is divided by 307.
173
Calculate the remainder when 2672 is divided by 2606.
66
What is the remainder when 64067 is divided by 5?
2
Calculate the remainder when 5100 is divided by 306.
204
What is the remainder when 1316859 is divided by 1341?
1338
Calculate the remainder when 8751 is divided by 169.
132
What is the remainder when 29105 is divided by 49?
48
Calculate the remainder when 37032 is divided by 9.
6
Calculate the remainder when 1294 is divided by 81.
79
What is the remainder when 1520236 is divided by 304044?
16
What is the remainder when 1288 is divided by 220?
188
Calculate the remainder when 2259 is divided by 12.
3
Calcula